{"id":163,"date":"2014-09-10T19:34:51","date_gmt":"2014-09-10T18:34:51","guid":{"rendered":"http:\/\/kouskeol.fr\/?page_id=163"},"modified":"2016-03-02T23:35:04","modified_gmt":"2016-03-02T22:35:04","slug":"163-2","status":"publish","type":"page","link":"http:\/\/kouskeol.fr\/?page_id=163","title":{"rendered":"Don\u00e9es de navigation"},"content":{"rendered":"<p><a href=\"http:\/\/kouskeol.fr\/wp-content\/uploads\/2014\/09\/centurion_45s_drawing.jpg\" target=\"_blank\" rel=\"attachment wp-att-3368\"><img loading=\"lazy\" decoding=\"async\" class=\"aligncenter wp-image-3368 size-medium\" src=\"http:\/\/kouskeol.fr\/wp-content\/uploads\/2014\/09\/centurion_45s_drawing-197x300.jpg\" alt=\"centurion_45s_drawing\" width=\"197\" height=\"300\" srcset=\"http:\/\/kouskeol.fr\/wp-content\/uploads\/2014\/09\/centurion_45s_drawing-197x300.jpg 197w, http:\/\/kouskeol.fr\/wp-content\/uploads\/2014\/09\/centurion_45s_drawing.jpg 452w\" sizes=\"auto, (max-width: 197px) 100vw, 197px\" \/><\/a><\/p>\n<p>Le chantier Wauquiez nous a communiqu\u00e9 les donn\u00e9es de polaires de vitesse pour le Centurion 45S version \u00ab\u00a0Sport\u00a0\u00bb, que nous avons mises sous forme graphique, vitesse du bateau en fonction de l&rsquo;angle de vent, pour diff\u00e9rentes vitesses de vent:<\/p>\n<figure id=\"attachment_174\" aria-describedby=\"caption-attachment-174\" style=\"width: 300px\" class=\"wp-caption aligncenter\"><a href=\"http:\/\/kouskeol.fr\/wp-content\/uploads\/2014\/09\/Polaire3.png\" target=\"_blank\"><img loading=\"lazy\" decoding=\"async\" class=\"wp-image-174 size-medium\" src=\"http:\/\/kouskeol.fr\/wp-content\/uploads\/2014\/09\/Polaire3-300x225.png\" alt=\"Polaire3\" width=\"300\" height=\"225\" srcset=\"http:\/\/kouskeol.fr\/wp-content\/uploads\/2014\/09\/Polaire3-300x225.png 300w, http:\/\/kouskeol.fr\/wp-content\/uploads\/2014\/09\/Polaire3-600x450.png 600w, http:\/\/kouskeol.fr\/wp-content\/uploads\/2014\/09\/Polaire3.png 960w\" sizes=\"auto, (max-width: 300px) 100vw, 300px\" \/><\/a><figcaption id=\"caption-attachment-174\" class=\"wp-caption-text\">Polaire de vitesses<\/figcaption><\/figure>\n<p>&nbsp;<\/p>\n<p>Les 15 n\u0153uds ont \u00e9t\u00e9 atteints lors d&rsquo;un coup de vent autour de la Corse, en fuite sous trinquette seule avec des rafales \u00e0 60 nds, au surf&#8230;<\/p>\n<p>Durant notre p\u00e9riple, nous ferons plusieurs fois des \u00e9tapes de plus de 180 milles en 24h, Kousk Eol montant r\u00e9guli\u00e8rement au dessus de 8 nds.<\/p>\n<p>Les caract\u00e9ristiques g\u00e9n\u00e9rales du bateau sont les suivantes:<\/p>\n<table>\n<tbody>\n<tr>\n<td colspan=\"3\"><strong>Caract\u00e9ristiques \/ Features<\/strong><\/td>\n<\/tr>\n<tr>\n<td width=\"261\">Longueur hors tout \/ L.O.A.<\/td>\n<td colspan=\"2\">14,00m \/ 45&rsquo;11\u00a0\u00bb<\/td>\n<\/tr>\n<tr>\n<td>Longueur \u00e0 la flottaison \/ L.W.L.<\/td>\n<td colspan=\"2\">12,28 m \/ 40&rsquo;3\u00a0\u00bb<\/td>\n<\/tr>\n<tr>\n<td>Bau maximum \/ Beam Max.<\/td>\n<td colspan=\"2\">4,16 m \/ 13&rsquo;8\u00a0\u00bb<\/td>\n<\/tr>\n<tr>\n<td>Tirant d&rsquo;eau \/ Draft<\/td>\n<td colspan=\"2\">2,50 m \/ 8&prime; 2\u00a0\u00bb<\/td>\n<\/tr>\n<tr>\n<td>D\u00e9placement \/ Displacement<\/td>\n<td colspan=\"2\">10,5 t env. \/ 23148 lbs approx.<\/td>\n<\/tr>\n<tr>\n<td>Poids du lest profond \/ Deep keel ballast<\/td>\n<td colspan=\"2\">3,85 t env. \/ 8488 lbs approx.<\/td>\n<\/tr>\n<tr>\n<td>Capacit\u00e9 Gas oil \/ Fuel capacity<\/td>\n<td colspan=\"2\">235 l env. \/ 62 US gal. approx.<\/td>\n<\/tr>\n<tr>\n<td>Capacit\u00e9 eau \/ Water capacity<\/td>\n<td colspan=\"2\">500 l env. \/ 132 US gal. approx.<\/td>\n<\/tr>\n<tr>\n<td>Puissance moteur \/ Engine<\/td>\n<td colspan=\"2\">55 CV \/ HP\/ PS<\/td>\n<\/tr>\n<tr>\n<td><strong>Dimension du gr\u00e9ement<\/strong><\/td>\n<td><strong>Racing<\/strong><\/td>\n<td><strong>\u00a0<\/strong><\/td>\n<\/tr>\n<tr>\n<td>&#8211; I &#8211;<\/td>\n<td>18,00 m\/59&prime; 1&Prime;<\/td>\n<td><\/td>\n<\/tr>\n<tr>\n<td>&#8211; J &#8211;<\/td>\n<td>5,40 m\/17&prime; 8&Prime;<\/td>\n<td><\/td>\n<\/tr>\n<tr>\n<td>&#8211; P &#8211;<\/td>\n<td>16,80 m\/55&prime; 1&Prime;<\/td>\n<td><\/td>\n<\/tr>\n<tr>\n<td>&#8211; E &#8211;<\/td>\n<td>5,90 m\/19&prime; 4&Prime;<\/td>\n<td><\/td>\n<\/tr>\n<tr>\n<td colspan=\"3\"><strong>Surface de voilure<\/strong><\/td>\n<\/tr>\n<tr>\n<td>Grand Voile (latt\u00e9e)<\/td>\n<td>55 m\u00b2 \/ 592 sq.ft<\/td>\n<td><\/td>\n<\/tr>\n<tr>\n<td>G\u00e9nois 140%<\/td>\n<td>65 m\u00b2 \/ 689 sq.ft<\/td>\n<td><\/td>\n<\/tr>\n<tr>\n<td>Tirant d&rsquo;air<\/td>\n<td>20,26 m \/ 66&prime; 6&Prime;<\/td>\n<td><\/td>\n<\/tr>\n<tr>\n<td>Surface de voile au pr\u00e8s<\/td>\n<td>120 m\u00b2 \/ 1281 sq.ft<\/td>\n<td><\/td>\n<\/tr>\n<\/tbody>\n<\/table>\n","protected":false},"excerpt":{"rendered":"<p>Le chantier Wauquiez nous a communiqu\u00e9 les donn\u00e9es de polaires de vitesse pour le Centurion 45S version \u00ab\u00a0Sport\u00a0\u00bb, que nous avons mises sous forme graphique, vitesse du bateau en fonction de l&rsquo;angle de vent, pour diff\u00e9rentes vitesses de vent: &nbsp; Les 15 n\u0153uds ont \u00e9t\u00e9 atteints lors d&rsquo;un coup de vent autour de la Corse, &hellip; <a href=\"http:\/\/kouskeol.fr\/?page_id=163\" class=\"more-link\">Continuer la lecture de <span class=\"screen-reader-text\">Don\u00e9es de navigation<\/span>  <span class=\"meta-nav\">&rarr;<\/span><\/a><\/p>\n","protected":false},"author":1,"featured_media":0,"parent":7,"menu_order":15,"comment_status":"open","ping_status":"open","template":"","meta":{"ngg_post_thumbnail":0,"footnotes":""},"class_list":["post-163","page","type-page","status-publish","hentry"],"_links":{"self":[{"href":"http:\/\/kouskeol.fr\/index.php?rest_route=\/wp\/v2\/pages\/163","targetHints":{"allow":["GET"]}}],"collection":[{"href":"http:\/\/kouskeol.fr\/index.php?rest_route=\/wp\/v2\/pages"}],"about":[{"href":"http:\/\/kouskeol.fr\/index.php?rest_route=\/wp\/v2\/types\/page"}],"author":[{"embeddable":true,"href":"http:\/\/kouskeol.fr\/index.php?rest_route=\/wp\/v2\/users\/1"}],"replies":[{"embeddable":true,"href":"http:\/\/kouskeol.fr\/index.php?rest_route=%2Fwp%2Fv2%2Fcomments&post=163"}],"version-history":[{"count":7,"href":"http:\/\/kouskeol.fr\/index.php?rest_route=\/wp\/v2\/pages\/163\/revisions"}],"predecessor-version":[{"id":3369,"href":"http:\/\/kouskeol.fr\/index.php?rest_route=\/wp\/v2\/pages\/163\/revisions\/3369"}],"up":[{"embeddable":true,"href":"http:\/\/kouskeol.fr\/index.php?rest_route=\/wp\/v2\/pages\/7"}],"wp:attachment":[{"href":"http:\/\/kouskeol.fr\/index.php?rest_route=%2Fwp%2Fv2%2Fmedia&parent=163"}],"curies":[{"name":"wp","href":"https:\/\/api.w.org\/{rel}","templated":true}]}}