{"id":203,"date":"2014-09-10T21:29:28","date_gmt":"2014-09-10T20:29:28","guid":{"rendered":"http:\/\/kouskeol.fr\/?page_id=203"},"modified":"2019-01-29T18:30:26","modified_gmt":"2019-01-29T17:30:26","slug":"quelques-sites","status":"publish","type":"page","link":"http:\/\/kouskeol.fr\/?page_id=203","title":{"rendered":"Quelques sites&#8230;"},"content":{"rendered":"<h5><em><strong>Des sites de copains et autres valeureux navigateurs:<\/strong><\/em><\/h5>\n<p style=\"padding-left: 30px;\"><a id=\"yui_3_5_0_1_1410378958316_623\" class=\"popup\" title=\"Partage Voile\" href=\"http:\/\/www.partagevoile.com\/\" target=\"_blank\" rel=\"noopener\">Partage Voile<\/a> de l&rsquo;ami Jacques, dit l&rsquo;Amiral.<\/p>\n<p class=\"font_0\" style=\"padding-left: 30px;\"><a href=\"http:\/\/boisbarbu.free.fr\/\" target=\"_blank\" rel=\"noopener\">Bois Barbu <\/a>du copain G\u00e9rard.<\/p>\n<p class=\"font_0\" style=\"padding-left: 30px;\"><a href=\"https:\/\/www.facebook.com\/profile.php?id=100005192115162\" target=\"_blank\" rel=\"noopener\">Oc\u00e9ane D\u00e9ferlante<\/a> du pote Gilles.<\/p>\n<p class=\"font_0\" style=\"padding-left: 30px;\"><a href=\"http:\/\/www.mcv.asso.fr\/\" target=\"_blank\" rel=\"noopener\">MACIF-Ecole de voile<\/a>: une excellente \u00e9cole de voile, avec les excellents&nbsp;Julien, Hans, Pierre, Aur\u00e9lien, &#8230;<\/p>\n<p class=\"font_0\" style=\"padding-left: 30px;\"><a href=\"http:\/\/www.morskoul.net\/\" target=\"_blank\" rel=\"noopener\">Morksoul<\/a>, le blog du voilier <em>Ouma<\/em> et de son&nbsp;\u00e9quipage, Sophie et Benjamin, avec qui nous avons beaucoup jou\u00e9 \u00e0 cache-cache dans le Pacifique&#8230;.<\/p>\n<p class=\"font_0\" style=\"padding-left: 30px;\"><a href=\"http:\/\/journal.belle-isle.eu\/\" target=\"_blank\" rel=\"noopener\">Fleur de Sel <\/a>et ses magnifiques navigations.<\/p>\n<p style=\"padding-left: 30px;\"><a href=\"https:\/\/voilier-io.blogspot.fr\/\" target=\"_blank\" rel=\"noopener\">IO<\/a> que nous avons crois\u00e9 plusieurs fois.<\/p>\n<h5>Quelques sites de m\u00e9t\u00e9o<\/h5>\n<p style=\"padding-left: 30px;\"><a id=\"yui_3_5_0_1_1410378958316_652\" class=\"popup\" title=\"Passage weather\" href=\"http:\/\/www.passageweather.com\/\" target=\"_blank\" rel=\"noopener\">Passage Weather<\/a>: la m\u00e9t\u00e9o dans le monde entier.<\/p>\n<p style=\"padding-left: 30px;\"><a href=\"http:\/\/www.sailgrib.com\/\" target=\"_blank\" rel=\"noopener\">Sailgrib<\/a>: la m\u00e9t\u00e9o sur votre tablette\/t\u00e9l\u00e9phone.<\/p>\n<p style=\"padding-left: 30px;\"><a href=\"https:\/\/www.windyty.com\/\" target=\"_blank\" rel=\"noopener\">Windyty<\/a>: une simulation du vent dans le monde. Bluffant!<\/p>\n<p style=\"padding-left: 30px;\"><a href=\"http:\/\/www.cyclonextreme.com\/index.htm\" target=\"_blank\" rel=\"noopener\">CycloneXtreme<\/a>: les pr\u00e9visions cycloniques mondiales<\/p>\n<p style=\"padding-left: 30px;\"><a href=\"http:\/\/www.meteoearth.com\/\" target=\"_blank\" rel=\"noopener\">Meteo Earth<\/a>, avec des simulations simiaires \u00e0 Windity<\/p>\n<h5><em><strong>Des sites vari\u00e9s: infos, exp\u00e9riences, &#8230;<\/strong><\/em><\/h5>\n<p style=\"padding-left: 30px;\"><a id=\"yui_3_5_0_1_1410378958316_632\" class=\"popup\" title=\"Sail the World\" href=\"http:\/\/www.stw.fr\/index.cfm\" target=\"_blank\" rel=\"noopener\">Sail the World<\/a>: incontournable&#8230;<\/p>\n<p style=\"padding-left: 30px;\"><a id=\"yui_3_5_0_1_1410378958316_645\" class=\"popup\" title=\"Hisse et Oh\" href=\"http:\/\/www.hisse-et-oh.com\/\" target=\"_blank\" rel=\"noopener\">Hisse et Oh<\/a>: autre site incontournable.<\/p>\n<p style=\"padding-left: 30px;\"><a href=\"http:\/\/www.noonsite.com\/\" target=\"_blank\" rel=\"noopener\">Noonsite<\/a>: \u00ab\u00a0<em><span id=\"strapline\">The global site for cruising sailors<\/span><\/em>\u00ab\u00a0, mine d&rsquo;information sur les mouillages, la piraterie, &#8230;<\/p>\n<p style=\"padding-left: 30px;\"><a href=\"http:\/\/www.plaisance-pratique.com\/-accueil,106-?lang=fr\" target=\"_blank\" rel=\"noopener\">Plaisance Pratique<\/a>: pleins d&rsquo;infos utiles!<\/p>\n<p style=\"padding-left: 30px;\"><a href=\"http:\/\/www.voilelec.com\/pages\/index.php\" target=\"_blank\" rel=\"noopener\">Voilelec<\/a>: LA r\u00e9f\u00e9rence en \u00e9lectricit\u00e9 et \u00e9lectronique&#8230;<\/p>\n<p style=\"padding-left: 30px;\"><a id=\"yui_3_5_0_1_1410378958316_652\" class=\"popup\" title=\"Passage weather\" href=\"http:\/\/www.passageweather.com\/\" target=\"_blank\" rel=\"noopener\"><\/a><a id=\"yui_3_5_0_1_1410378958316_660\" class=\"popup\" title=\"Boating and Yachting Resources\" href=\"http:\/\/www.offshoreblue.com\/index.php\" target=\"_blank\" rel=\"noopener\">Boating and Yachting Resources<\/a><\/p>\n<p style=\"padding-left: 30px;\"><a href=\"http:\/\/www.cruisersforum.com\/\" target=\"_blank\" rel=\"noopener\">Cruisers Forum<\/a>: c&rsquo;est le forum des utilisateurs d&rsquo;OpenCPN<\/p>\n<p style=\"padding-left: 30px;\"><a id=\"yui_3_5_0_1_1410378958316_667\" class=\"popup\" title=\"Wauquiez For Ever!\" href=\"http:\/\/www.wauquiezforever.com\/\" target=\"_blank\" rel=\"noopener\">Wauquiez For Ever!<\/a><\/p>\n<p style=\"padding-left: 30px;\"><a href=\"http:\/\/sailinganarchy.com\/\" target=\"_blank\" rel=\"noopener\">Sailing Anarchy<\/a><\/p>\n<h5><em><strong>Ou trouver des cartes:<\/strong><\/em><\/h5>\n<p style=\"padding-left: 30px;\"><a id=\"yui_3_5_0_1_1410378958316_674\" class=\"popup\" title=\"Cartes marines USA (NOAA)\" href=\"http:\/\/www.nauticalcharts.noaa.gov\/staff\/chartspubs.html\" target=\"_blank\" rel=\"noopener\">Cartes marines USA (NOAA)<\/a><\/p>\n<p style=\"padding-left: 30px;\"><a id=\"yui_3_5_0_1_1410378958316_681\" class=\"popup\" title=\"Cartes marines Br\u00e9sil\" href=\"http:\/\/www.mar.mil.br\/dhn\/chm\/box-cartas-raster\/raster_disponiveis.html\" target=\"_blank\" rel=\"noopener\">Cartes marines Br\u00e9sil<\/a><\/p>\n<p style=\"padding-left: 30px;\"><a href=\"http:\/\/www.linz.govt.nz\/sea\/charts\/nzmariner-official-raster-navigational-charts-rncs\" target=\"_blank\" rel=\"noopener\">Cartes marines Nouvelle Z\u00e9lande<\/a><\/p>\n<h5><span style=\"color: #ff0000;\"><strong><a id=\"yui_3_5_0_1_1410378958316_688\" class=\"popup\" style=\"color: #ff0000;\" title=\"Kousk Eol sur Facebook\" href=\"https:\/\/www.facebook.com\/kousk.eol\" target=\"_blank\" rel=\"noopener\">Kousk Eol sur Facebook<\/a><\/strong><\/span><\/h5>\n","protected":false},"excerpt":{"rendered":"<p>Des sites de copains et autres valeureux navigateurs: Partage Voile de l&rsquo;ami Jacques, dit l&rsquo;Amiral. Bois Barbu du copain G\u00e9rard. Oc\u00e9ane D\u00e9ferlante du pote Gilles. MACIF-Ecole de voile: une excellente \u00e9cole de voile, avec les excellents&nbsp;Julien, Hans, Pierre, Aur\u00e9lien, &#8230; Morksoul, le blog du voilier Ouma et de son&nbsp;\u00e9quipage, Sophie et Benjamin, avec qui nous &hellip; <a href=\"http:\/\/kouskeol.fr\/?page_id=203\" class=\"more-link\">Continuer la lecture de <span class=\"screen-reader-text\">Quelques sites&#8230;<\/span>  <span class=\"meta-nav\">&rarr;<\/span><\/a><\/p>\n","protected":false},"author":1,"featured_media":0,"parent":0,"menu_order":19,"comment_status":"open","ping_status":"closed","template":"","meta":{"ngg_post_thumbnail":0,"footnotes":""},"class_list":["post-203","page","type-page","status-publish","hentry"],"_links":{"self":[{"href":"http:\/\/kouskeol.fr\/index.php?rest_route=\/wp\/v2\/pages\/203","targetHints":{"allow":["GET"]}}],"collection":[{"href":"http:\/\/kouskeol.fr\/index.php?rest_route=\/wp\/v2\/pages"}],"about":[{"href":"http:\/\/kouskeol.fr\/index.php?rest_route=\/wp\/v2\/types\/page"}],"author":[{"embeddable":true,"href":"http:\/\/kouskeol.fr\/index.php?rest_route=\/wp\/v2\/users\/1"}],"replies":[{"embeddable":true,"href":"http:\/\/kouskeol.fr\/index.php?rest_route=%2Fwp%2Fv2%2Fcomments&post=203"}],"version-history":[{"count":33,"href":"http:\/\/kouskeol.fr\/index.php?rest_route=\/wp\/v2\/pages\/203\/revisions"}],"predecessor-version":[{"id":5715,"href":"http:\/\/kouskeol.fr\/index.php?rest_route=\/wp\/v2\/pages\/203\/revisions\/5715"}],"wp:attachment":[{"href":"http:\/\/kouskeol.fr\/index.php?rest_route=%2Fwp%2Fv2%2Fmedia&parent=203"}],"curies":[{"name":"wp","href":"https:\/\/api.w.org\/{rel}","templated":true}]}}