{"id":346,"date":"2014-09-11T21:28:16","date_gmt":"2014-09-11T20:28:16","guid":{"rendered":"http:\/\/kouskeol.fr\/?page_id=346"},"modified":"2017-11-22T15:51:00","modified_gmt":"2017-11-22T14:51:00","slug":"le-trajet-deja-parcouru","status":"publish","type":"page","link":"http:\/\/kouskeol.fr\/?page_id=346","title":{"rendered":"Le trajet parcouru"},"content":{"rendered":"<p><span style=\"text-decoration: underline;\"><em><span style=\"color: #0000ff; text-decoration: underline;\">Mise \u00e0 jour du 17 mai 2017<br \/>\n<\/span><\/em><\/span><\/p>\n<p>Pour voir le trajet de Kousk Eol depuis son d\u00e9part de Toulon le 30 Juin 2013, et &nbsp;refaire notre p\u00e9riple sur Google Earth, tranquillement assis dans votre fauteuil pr\u00e9f\u00e9r\u00e9 tout en sirotant une bi\u00e8re (ou toute autre boisson illicite!), cliquez sur les liens suivants:<\/p>\n<p style=\"text-align: center;\"><span style=\"text-decoration: underline;\"><strong><a href=\"http:\/\/s193647331.onlinehome.fr\/DataBlogKE\/TourDuMonde-part1b.kml\" target=\"_blank\" rel=\"noopener noreferrer\">De Toulon \u00e0 Noum\u00e9a&#8230;<\/a><\/strong><\/span><\/p>\n<p style=\"text-align: center;\"><a href=\"http:\/\/s193647331.onlinehome.fr\/DataBlogKE\/TourDuMonde-part2.kml\"><span style=\"text-decoration: underline;\"><strong>De&nbsp;Noum\u00e9a \u00e0 Simon&rsquo;s Town&#8230;<\/strong><\/span><\/a><\/p>\n<p style=\"text-align: center;\"><span style=\"text-decoration: underline;\"><strong><a href=\"http:\/\/s193647331.onlinehome.fr\/DataBlogKE\/SimonsTown-Marin.kml\">De Simon&rsquo; Town au Marin<\/a><\/strong><\/span><\/p>\n<p style=\"text-align: center;\"><span style=\"text-decoration: underline;\"><strong><a href=\"http:\/\/s193647331.onlinehome.fr\/DataBlogKE\/AntillesCathy.kml\">Petit tour dans les Cara\u00efbes<\/a><\/strong><\/span><\/p>\n<p>Les quatre segments peuvent \u00eatre affich\u00e9s simultan\u00e9ment sur Google Earth. Sur Android ou iOS, l&rsquo;affichage semble plus compliqu\u00e9: si quelqu&rsquo;un a la solution, je suis preneur!<\/p>\n<p>L&rsquo;alternative est de regarder le trajet sur <span style=\"text-decoration: underline;\"><strong><a href=\"https:\/\/www.google.fr\/maps\/d\/edit?hl=fr&amp;mid=1a1zFyRzaV3fCqfxov5__hOby-Yc&amp;ll=-0.8157056980713193%2C0&amp;z=2\" target=\"_blank\" rel=\"noopener\">Google Maps<\/a><\/strong><\/span>&#8230;<\/p>\n<p><span style=\"color: #ff0000;\"><strong><span style=\"text-decoration: underline;\">Note<\/span>:<\/strong> <\/span><\/p>\n<ul>\n<li style=\"padding-left: 30px;\"><span style=\"color: #ff0000;\"><em>il faut avoir install\u00e9 Google Earth au pr\u00e9alable.<\/em><\/span><\/li>\n<li style=\"padding-left: 30px;\"><span style=\"color: #ff0000;\"><em>si Google Earth ne d\u00e9marre pas automatiquement, double-cliquez sur le fichier qui a \u00e9t\u00e9 t\u00e9l\u00e9charg\u00e9 (en .kml).<\/em><\/span><\/li>\n<li style=\"padding-left: 30px;\"><span style=\"color: #ff0000;\"><em>cochez si n\u00e9cessaire la case autorisant l&rsquo;affichage de la trace dans le menu \u00ab\u00a0Lieux\u00a0\u00bb de la colonne de gauche de Google Earth.<\/em><\/span><\/li>\n<\/ul>\n<p>Sinon, vous pouvez aussi cliquer sur un des liens ci-dessous pour retrouver les diff\u00e9rents articles. Mais attention, rappelez-vous que les articles, c&rsquo;est le principe du blog, sont class\u00e9s par ordre chronologique: \u00ab\u00a0<em>Suivant<\/em>\u00a0\u00bb voudra dire \u00ab\u00a0<span style=\"text-decoration: underline;\"><em>Post\u00e9rieur<\/em><\/span>\u00a0\u00bb et \u00ab\u00a0<em>Pr\u00e9c\u00e9dent<\/em>\u00a0\u00bb donc \u00ab\u00a0<span style=\"text-decoration: underline;\"><em>Ant\u00e9rieur<\/em><\/span>\u00ab\u00a0. Et ne faites pas les malins: je sais qu&rsquo;il y en a qui ont du mal \u00e0 suivre&#8230;<\/p>\n<p>N&rsquo;oubliez pas non plus que l\u2019analphab\u00e8te qui g\u00e8re ce blog a aussi pr\u00e9vu d&rsquo;autres moyens de navigation dans ce ramassis de platitudes. Pour ceci, allez dans la colonne de droite du blog:<\/p>\n<ol>\n<li>Navigation par cat\u00e9gories.<\/li>\n<li>Navigation par dates de parution.<\/li>\n<li>Recherche par mots cens\u00e9s \u00eatre pr\u00e9sent dans un ou plusieurs articles.<\/li>\n<\/ol>\n<p>Et donc, les \u00e9tapes sont, pour l&rsquo;instant:<\/p>\n<ul>\n<li><a href=\"http:\/\/kouskeol.fr\/?p=938\" target=\"_blank\" rel=\"noopener noreferrer\">Bal\u00e9ares<\/a><\/li>\n<li><a href=\"http:\/\/kouskeol.fr\/?p=930\" target=\"_blank\" rel=\"noopener noreferrer\">Gibraltar<\/a><\/li>\n<li><a href=\"http:\/\/kouskeol.fr\/?p=907\" target=\"_blank\" rel=\"noopener noreferrer\">Mad\u00e8re<\/a><\/li>\n<li><a href=\"http:\/\/kouskeol.fr\/?p=881\" target=\"_blank\" rel=\"noopener noreferrer\">Canaries<\/a><\/li>\n<li><a href=\"http:\/\/kouskeol.fr\/?p=873\" target=\"_blank\" rel=\"noopener noreferrer\">Cap Vert<\/a><\/li>\n<li><a href=\"http:\/\/kouskeol.fr\/?p=862\" target=\"_blank\" rel=\"noopener noreferrer\">Br\u00e9sil<\/a><\/li>\n<li><a href=\"http:\/\/kouskeol.fr\/?p=672\" target=\"_blank\" rel=\"noopener noreferrer\">Argentine<\/a><\/li>\n<li><a href=\"http:\/\/kouskeol.fr\/?p=646\" target=\"_blank\" rel=\"noopener noreferrer\">Uruguay<\/a><\/li>\n<li>Chili\n<ul>\n<li><a href=\"http:\/\/kouskeol.fr\/?p=381\" target=\"_blank\" rel=\"noopener noreferrer\">Patagonie<\/a><\/li>\n<li><a href=\"http:\/\/kouskeol.fr\/?p=2227\" target=\"_blank\" rel=\"noopener noreferrer\">Valdivia<\/a><\/li>\n<li><a href=\"http:\/\/kouskeol.fr\/?p=2289\" target=\"_blank\" rel=\"noopener noreferrer\">Robinson Cruso\u00e9<\/a><\/li>\n<li><a href=\"http:\/\/kouskeol.fr\/?p=2381\" target=\"_blank\" rel=\"noopener noreferrer\">Arica<\/a><\/li>\n<\/ul>\n<\/li>\n<li><a href=\"http:\/\/kouskeol.fr\/?p=2424\" target=\"_blank\" rel=\"noopener noreferrer\">Cuzco, Machu Pichu, lac Titicaca<\/a>&#8230;<\/li>\n<li><a href=\"http:\/\/kouskeol.fr\/?p=2588\" target=\"_blank\" rel=\"noopener noreferrer\">Galapagos<\/a><\/li>\n<li>Polyn\u00e9sie\n<ul>\n<li><a href=\"http:\/\/kouskeol.fr\/?p=2748\" target=\"_blank\" rel=\"noopener noreferrer\">Marquises<\/a><\/li>\n<li>Tuamotu: <a href=\"http:\/\/kouskeol.fr\/?p=2914\" target=\"_blank\" rel=\"noopener noreferrer\">Tahanea<\/a>, <a href=\"http:\/\/kouskeol.fr\/?p=2933\" target=\"_blank\" rel=\"noopener noreferrer\">Fakarava <\/a>et <a href=\"http:\/\/kouskeol.fr\/?p=3100\" target=\"_blank\" rel=\"noopener noreferrer\">Tikehau<\/a><\/li>\n<li><a href=\"http:\/\/kouskeol.fr\/?p=3021\" target=\"_blank\" rel=\"noopener noreferrer\">Iles de la Soci\u00e9t\u00e9<\/a><\/li>\n<\/ul>\n<\/li>\n<\/ul>\n<p>&nbsp;<\/p>\n","protected":false},"excerpt":{"rendered":"<p>Mise \u00e0 jour du 17 mai 2017 Pour voir le trajet de Kousk Eol depuis son d\u00e9part de Toulon le 30 Juin 2013, et &nbsp;refaire notre p\u00e9riple sur Google Earth, tranquillement assis dans votre fauteuil pr\u00e9f\u00e9r\u00e9 tout en sirotant une bi\u00e8re (ou toute autre boisson illicite!), cliquez sur les liens suivants: De Toulon \u00e0 Noum\u00e9a&#8230; &hellip; <a href=\"http:\/\/kouskeol.fr\/?page_id=346\" class=\"more-link\">Continuer la lecture de <span class=\"screen-reader-text\">Le trajet parcouru<\/span>  <span class=\"meta-nav\">&rarr;<\/span><\/a><\/p>\n","protected":false},"author":1,"featured_media":0,"parent":0,"menu_order":5,"comment_status":"open","ping_status":"closed","template":"","meta":{"ngg_post_thumbnail":0,"footnotes":""},"class_list":["post-346","page","type-page","status-publish","hentry"],"_links":{"self":[{"href":"http:\/\/kouskeol.fr\/index.php?rest_route=\/wp\/v2\/pages\/346","targetHints":{"allow":["GET"]}}],"collection":[{"href":"http:\/\/kouskeol.fr\/index.php?rest_route=\/wp\/v2\/pages"}],"about":[{"href":"http:\/\/kouskeol.fr\/index.php?rest_route=\/wp\/v2\/types\/page"}],"author":[{"embeddable":true,"href":"http:\/\/kouskeol.fr\/index.php?rest_route=\/wp\/v2\/users\/1"}],"replies":[{"embeddable":true,"href":"http:\/\/kouskeol.fr\/index.php?rest_route=%2Fwp%2Fv2%2Fcomments&post=346"}],"version-history":[{"count":28,"href":"http:\/\/kouskeol.fr\/index.php?rest_route=\/wp\/v2\/pages\/346\/revisions"}],"predecessor-version":[{"id":5320,"href":"http:\/\/kouskeol.fr\/index.php?rest_route=\/wp\/v2\/pages\/346\/revisions\/5320"}],"wp:attachment":[{"href":"http:\/\/kouskeol.fr\/index.php?rest_route=%2Fwp%2Fv2%2Fmedia&parent=346"}],"curies":[{"name":"wp","href":"https:\/\/api.w.org\/{rel}","templated":true}]}}